). Let y be -3*(0 - 1/1). What are the prime factors of k(y)?
3
Suppose 62 = -2*a + 2242. Suppose 0 = -3*b - 2*j + 658, 7*j - 2*j = -5*b + a. What are the prime factors of b?
2, 3, 37
Let d = 50 + 26. Let p = -12 + d. List the prime factors of p.
2
Let d(q) = -23*q**3 + 9*q**2 + 40*q + 7. What are the prime factors of d(-5)?
3, 17, 19
Let f(x) = -103*x - 10. List the prime factors of f(-5).
5, 101
Suppose -25*t = -28*t + 1431. What are the prime factors of t?
3, 53
Suppose -1 - 21 = -4*s - 2*n, -n - 31 = -5*s. Suppose -4*d + s*b + 729 = b, -4*b + 177 = d. List the prime factors of d.
181
Let y(j) = 52*j + 77. List the prime factors of y(4).
3, 5, 19
Let r = -602 + 1114. What are the prime factors of r?
2
Let q(j) = 483*j - 222. What are the prime factors of q(5)?
3, 17, 43
Suppose 2*o + 7*o = 18. What are the prime factors of (o + 434/(-6))*-3?
211
Let m(t) be the first derivative of 2*t**2 - 14*t - 16. Let u = -12 - -23. What are the prime factors of m(u)?
2, 3, 5
Let f = -301 - -1457. List the prime factors of f.
2, 17
Let o be 10/4 + (-1)/(-2). Let i(n) = 2*n**3 - 5*n**2 + n + 7. Let x be i(o). List the prime factors of (-26)/(-39) - x/(-3).
7
Suppose -268*j + 253*j = -37455. What are the prime factors of j?
11, 227
Let t(a) = -a**3 - 12*a**2 - 11*a. Let h be t(-11). Suppose 3*k + 3*p = -1 - 5, h = -k + 4*p + 18. Suppose 0 = k*o + 10 - 164. List the prime factors of o.
7, 11
Let t(s) = -s**3 + 4*s**2 - 6. Let m be t(3). Suppose -5*x = 2*c - 198, x + m*x - 132 = 5*c. List the prime factors of x.
2, 19
Let m = -1468 - -2228. List the prime factors of m.
2, 5, 19
What are the prime factors of (-2)/15 + (-529038)/(-810)?
653
Suppose -2*a + 548 = 2*v, 2*v + 534 = 4*v - 5*a. Suppose 15*w - 19*w = -v. What are the prime factors of w?
2, 17
Suppose 25 = -2*b + 355. Suppose -3*y + b = -x, -2*x + 7*x = 2*y - 110. Suppose -4*v + y = -37. What are the prime factors of v?
23
Let h(i) = -12*i**3 - 2*i**2 - 2*i + 1. Suppose 3*o + 12 = -3*o. What are the prime factors of h(o)?
3, 31
Let b(c) = -c**3 - 22*c**2 + 103*c - 35. Let h be b(-26). Let p(o) = -5 + 2 - o - 3*o. List the prime factors of p(h).
3, 11
Let z(r) = 5 - r + r + r**2 - 6*r. Let g be (-5 + (1 - -3))*-9. List the prime factors of z(g).
2
Suppose n - 36 = -2*n. Let q = -9 + n. What are the prime factors of (q - 0) + 871/13?
2, 5, 7
Let c(v) = 2*v + 6. Let b be 54 - -3*(-8)/(-6). Suppose 3*l = 5*t + b, 0*l - 4*l + 39 = t. List the prime factors of c(l).
2, 7
Let o(q) = 2*q - 2. Suppose 4*d - 2*v - 8 = 12, -23 = -5*d + 3*v. Let s be o(d). Suppose 0 + s = a. List the prime factors of a.
2, 3
What are the prime factors of 24/(-288) - (-40898)/24?
2, 3, 71
Let z = -1901 + 2947. What are the prime factors of z?
2, 523
Let b(k) = -k**3 + 5*k**2 - 3*k + 3. Let h be b(2). Let q be -1 + (-4)/(12/h). List the prime factors of -33*(-2 - q/3).
2, 11
Suppose 0 = 2*i + 3*i. Suppose i = 3*x - 2*x + y + 2, -3*y = 15. Suppose 17 = x*v - r, -6*v - r + 23 = -v. What are the prime factors of v?
5
Suppose 2*j + 15 - 5 = 0. Let t(l) = -22*l + 7. What are the prime factors of t(j)?
3, 13
Let p(c) = 7*c + 42. Let d be p(23). Suppose -r = 3*q - 206, 4*q - q = -4*r + d. List the prime factors of q.
3, 23
Suppose -9*r = -5*r - 4*n - 28, -2*r - 2*n + 2 = 0. Suppose r*w - 2*a - 765 = -a, 0 = -5*w + a + 956. What are the prime factors of w?
191
Suppose -5*a = 3*u + 25, 0 = -3*u + 2*u + 3*a + 15. Let i(w) = 4*w**3 + 44 - 6*w**3 - 19 + w**2 + w**3 + w. List the prime factors of i(u).
5
Let i(m) = -m**2 - 2*m + 3. Let y be i(-3). Suppose 3*b + y*b = 54. What are the prime factors of b?
2, 3
Suppose 0 = 5*f + 26 - 101. Suppose 5*h = -5 + f. Suppose 3*w + 250 = 7*w + h*z, w = -3*z + 50. List the prime factors of w.
5, 13
Suppose 5*b = 2*s - 3301, 5*s + 3*b - 8268 = -0*b. List the prime factors of s.
3, 19, 29
Suppose 1132 = -4*o + 4112. List the prime factors of o.
5, 149
Let r(f) = 184*f**2 - 5*f - 5. Let n be r(-1). Let d = 13 + n. What are the prime factors of d?
197
Let u(h) = -h**2 + 4*h + 3. Let a be u(5). What are the prime factors of 31*(-4 - -2)/a?
31
Let t(f) = f**2 + 4*f + 4. Let k be t(-4). Let v be 6/24 - (-19)/k. Suppose -w = v*x - 159 - 156, x - 42 = 4*w. List the prime factors of x.
2, 31
Let d be 4*-1 + (1 - -1). What are the prime factors of ((-2)/d)/(-4*(-7)/1876)?
67
Suppose 0 = 5*x - 8*x - 5*f + 376, -x = 4*f - 116. List the prime factors of x.
2, 3, 11
Let q(s) = -s - 4. Let w be q(-7). Suppose 5*u + 730 = -5*d, -d = d + w*u + 295. What are the prime factors of (-2)/11 - 3458/d?
2, 3
Let a = 10738 + -7167. List the prime factors of a.
3571
Let b be 2 + (-9)/(4 + -1) + 1. Suppose b = -4*j + 16, 5*j = d - 5 - 1. What are the prime factors of d?
2, 13
Suppose 4920 = 19*k - 18*k. What are the prime factors of k?
2, 3, 5, 41
Let w = -19 - -15. Let b(x) = -x**3 - 5*x**2 - 6*x - 5. Let u be b(w). Suppose -2*h - z + 113 = 0, 0*h + 2*z + 187 = u*h. What are the prime factors of h?
59
Let i(a) = 2*a**2 + a - 10. Let l be i(-5). Suppose 0 = l*x - 31*x - 764. List the prime factors of x.
191
Suppose -11 + 2 = -2*b - 3*x, 5*b = 3*x - 9. Suppose -3*g = -j + 255 - 106, b = -j - 3*g + 149. List the prime factors of j.
149
Let t(h) = h**3 + 5*h**2 - 3*h - 11. Let d be t(-5). Suppose -d*p - 10 = -9*p. Suppose -2 = -p*l - 2*o + 12, 3*l + 2*o - 18 = 0. List the prime factors of l.
2
Let l(f) = 20*f**2 - 4*f + 4. Let i be l(5). Suppose 2*r - 302 - 9 = -p, 2*p + i = 3*r. What are the prime factors of r?
2, 79
Suppose 44*w = 42086 + 18546. List the prime factors of w.
2, 13, 53
Let h = -2333 - -4525. List the prime factors of h.
2, 137
Let k = -1354 + 2958. List the prime factors of k.
2, 401
Let f = -23 + 599. List the prime factors of f.
2, 3
Suppose -140 = -a - 31. Let h = a + -67. Suppose 0 = -4*b + h + 26. What are the prime factors of b?
17
Let z(t) = -6 - t**3 - 4*t**2 + 6 + 0*t**3 - 8*t. List the prime factors of z(-4).
2
Suppose 4*a + 549 = -k + 5152, -4*a + 3*k = -4623. Suppose -12*d + 4*d = -a. List the prime factors of d.
2, 3
Let c(x) = -x**2 - 5*x - 4. Let g be c(-3). Suppose f - 38 = 7*i - 3*i, -5*f + g*i = -118. List the prime factors of f.
2, 11
Suppose -9641 = 20*w - 93121. What are the prime factors of w?
2, 2087
Suppose 6*b - 1652 = 9694. List the prime factors of b.
31, 61
Suppose 5*p = 5*u - 1518 + 8658, 0 = 5*p - 2*u - 7128. List the prime factors of p.
2, 89
Let h = 504 + 496. List the prime factors of h.
2, 5
Suppose -13 - 12 = 5*b. Let j be -6*13*b/15. Suppose -5*i + 118 + j = 4*w, 0 = -4*i - 16. What are the prime factors of w?
41
Let z = 1 + 1. Suppose 6*k = k + v + 23, 0 = -z*k - v + 12. What are the prime factors of k?
5
Let h be (-28 + 2)*(-49)/14. Suppose -a + h + 13 = 0. What are the prime factors of a?
2, 13
Let n = -1 - -6. Suppose 0 = -0*c - n*c - m + 475, -4*m - 20 = 0. List the prime factors of c.
2, 3
Suppose 10*p - 3*p - 3*p = 0. Suppose p = -75*k + 80*k - 420. List the prime factors of k.
2, 3, 7
Suppose p = -7 + 23. Let x be (14 - p)*2/(-4). List the prime factors of 21 + -7 + (-4)/x.
2, 5
Let p = -232 - -437. Suppose 50 = 3*v - p. Suppose 2*q = 4*l + 14 - 4, -5*q = 5*l - v. List the prime factors of q.
13
Let h be 3 - (-6)/2*1. Suppose 3*d - 3*t - h = -t, -15 = -3*d + 5*t. Suppose d = -3*g - 4 + 40. List the prime factors of g.
2, 3
Let x = 901 - 324. List the prime factors of x.
577
Let n = 6718 - 3343. List the prime factors of n.
3, 5
Let z = 238 - 282. Suppose 0 + 20 = -4*p, -3*p - 90 = 3*t. Let x = t - z. List the prime factors of x.
19
Suppose -3*h - 373 = -2674. List the prime factors of h.
13, 59
Suppose -14 - 1 = -o. Let x = o + -12. List the prime factors of (-70)/x*(-96)/40.
2, 7
Suppose 4*f - 6651 = 3325. List the prime factors of f.
2, 29, 43
Suppose -3*g = -253 - 128. What are the prime factors of g?
127
Suppose 343*q = 345*q - 2496. List the prime factors of q.
2, 3, 13
Suppose -4*p + 21 = -l + p, 0 = 5*l - 4*p. Suppose -5*o + 2*v + 279 = -159, -l*v - 16 = 0. What are the prime factors of o?
2, 43
Suppose -5*i - 1692 = -i. Let p = 705 + i. List the prime factors of p.
2, 3, 47
Let n(j) = -2*j**2 + 13*j + 1. Let c be n(6). Let i(o) = -12*o**2 - 9*o + c - 2 + 13*o**2. What are the prime factors of i(9)?
5
Let i = 9 + -5. Let b(u) be the first derivative of -u**4/4 + u**